63 = 0, -4*y + y - 2*m = -2250. Suppose -2220 = -3*b + 3*s, 0 = -b - 0*s + 3*s + y. What is the hundreds digit of b?
7
Suppose -68*d - 14 = -69*d. Let s(w) = w**3 - 15*w**2 + 20*w + 61. What is the hundreds digit of s(d)?
1
Suppose -127*v - 576 - 59 = 0. Let t be ((-7)/(-2))/(1/2). What is the tens digit of 644/t + 0 + v?
8
Suppose 6*n - 2417 = n + r, 2*n + 3*r = 977. Suppose 11*o - 649 = n. What is the tens digit of o?
0
Let z(h) = -127*h**3 - 9*h**2 - 15*h - 19. What is the thousands digit of z(-6)?
7
What is the ten thousands digit of (-5)/((-45)/(-6))*-5*11166/1?
3
Let d(w) = 9*w**2 + 8*w + 252. Let p(i) = -5*i**2 - 3*i - 125. Let s(n) = 4*d(n) + 7*p(n). What is the tens digit of s(-13)?
5
Let z be 2 - (210/27 - (-14)/63). What is the thousands digit of (36 - -1190) + 1 + z?
1
Let g be ((-654)/4)/((-6)/8). Let c(r) = 214*r - 226. Let o be c(3). Let y = o - g. What is the units digit of y?
8
Suppose -2*y + 11 = h, 29 = 3*y + 2*y + 4*h. Suppose 5*z - 1240 = y*p, -2*p + 998 = 6*z - 2*z. What is the units digit of z?
9
Let o(b) be the second derivative of b**3/6 + 13*b**2/2 + 41*b - 2. What is the units digit of o(-8)?
5
Let c(q) = 1844*q**3 - 16*q**2 + 55*q + 2. What is the units digit of c(3)?
1
Let m be (7/(-3) + (0 - -1))*-3. Suppose -2*r - 3*r = -4*q - 974, -4*r + 772 = m*q. Let i = 273 - r. What is the units digit of i?
9
Suppose 16*s - 19*s + 60402 = -2*i, -3*s = 4*i - 60366. What is the tens digit of s?
3
Let a = 37 + -27. What is the tens digit of 3215/15 + 4 + a/(-3)?
1
Let y = 411 + 2693. Let w = -1768 + y. What is the units digit of w?
6
Suppose 3*h + 3 - 2 = 2*d, 7 = -d + 4*h. Let o be ((-96)/(-20))/6*d. What is the units digit of ((-388)/(-10))/((-7)/((-70)/o))?
7
Suppose 0 = -y + 158 + 334. Suppose 16 = 4*b, 0 = 5*j - b - 58 + y. Let m = -4 - j. What is the tens digit of m?
8
Suppose -20 = -5*l - 5*i, l = 4*i - 3*i + 2. Suppose l*x - 18 = -0*x. What is the units digit of (x/(-15))/(3/(-60))?
8
Let c = -89 - 200. Let q = 89 - c. What is the tens digit of q?
7
Let y = 31185 + -2795. What is the ten thousands digit of y?
2
Let x = 58 + -56. Suppose x*n = -4*n + 24. Suppose 15 = 4*l - 2*l - 3*j, 5*l = n*j + 34. What is the units digit of l?
6
Suppose -2*v = 2*h - 46678, -3*h = 4*v + 58274 - 151630. What is the tens digit of v?
3
Suppose -3*z = -9, 2*k = 3*z + 2911 + 8640. What is the tens digit of k?
8
What is the thousands digit of 30350/(-3)*(-270)/60?
5
Let q(z) = 27*z - 2. Let g(v) = 14*v - 6. Let x(m) = -1. Let i(p) = -g(p) + 5*x(p). Let b(j) = -5*i(j) - 3*q(j). What is the units digit of b(-8)?
9
What is the units digit of 5/3 - (-6)/((-414)/(-466601))?
4
Suppose 15*k + 28776 = 17*k - 15286. What is the units digit of k?
1
Let d(w) = 181*w**2 + 507*w + 2018. What is the hundreds digit of d(-4)?
8
What is the hundreds digit of -13 + 10/2 - (-1808 - 4)?
8
Let s = -85 + 86. Let c be 3876/10 - ((-2)/5 + s). Let j = c - 205. What is the units digit of j?
2
Suppose 91*x = 106*x - 70950. What is the units digit of x?
0
Let g(x) = 3*x + 2. Let a be g(1). Let h(j) = -3*j + 15. Let z be h(a). Suppose z = 3*k - 3*q - q - 294, k - q - 99 = 0. What is the tens digit of k?
0
Suppose 0*f + 4*l - 40 = -4*f, -3*f + 3*l = 0. Let a(x) = 2*x**3 + 3*x**2 + 14*x - 36. What is the tens digit of a(f)?
5
Let x(a) = 8*a**3 + 20*a**2 + 7*a - 172. What is the thousands digit of x(14)?
5
Suppose -4 = 5*h - 6*h. Let s = -3 - h. Let z = s + 91. What is the units digit of z?
4
What is the units digit of (107 - 116) + (-566)/(-2) + 0?
4
Suppose -3*k = 6, -4*d - 5*k + 3 = 13. Suppose -28*l - 23678 + 61982 = d. What is the units digit of l?
8
Let q be 0/18 + 0 + 18685. Suppose 0 = -23*d + q + 5028. What is the hundreds digit of d?
0
Suppose -2*v - 752 = 4*g, -3*v - v = 3*g + 1519. Let u be (v/(-8))/(28/112). Suppose -2*l - 748 = -6*l - 4*y, -l - 5*y = -u. What is the units digit of l?
6
Let q(x) = x**3 + 13*x**2 + 10*x + 15. Let s be q(-11). Let z = s + -25. What is the tens digit of z?
2
Let l(o) = -2*o - 2. Let t be l(-3). Suppose 5*s - 2*g = -6, 3 = t*s + 3*g - 2*g. Suppose n - q - 89 = s, -3*q = 3*n - 7*n + 358. What is the units digit of n?
1
Let o(y) = y**2 + 10*y - 24. Suppose -6*m - 87 = -15. Let n be o(m). Suppose n*v - 261 = -3*v. What is the tens digit of v?
8
Suppose -12*d + 1839 = -1341. Let i = d - -19. What is the hundreds digit of i?
2
Suppose t = 2*b - 136 + 1376, 4*t = -2*b + 4960. Let w = 2375 - t. What is the units digit of w?
5
What is the units digit of ((-12)/42 - (-13330)/(-140))/((-2)/100)?
5
Let j be 7/(-2)*23870/(-539). Suppose 0 = 4*k + 154*y - j*y - 2107, -2624 = -5*k - 2*y. What is the hundreds digit of k?
5
Suppose -5*z + 135*d = 137*d - 28890, z - 2*d = 5790. What is the thousands digit of z?
5
Let h = -243 + 245. Let o(q) = 154*q**2 + 6*q - 11. What is the units digit of o(h)?
7
What is the hundreds digit of ((-508801)/57 - 18)/(2/(-6))?
8
Let b be (-1)/1 - 195/((-30)/6). Suppose -b*y = -21*y - 11866. What is the tens digit of y?
9
Suppose 0 = 2*l - 5*g - 991, 0*l + g - 2015 = -4*l. Suppose 349 = 2*n - l. Suppose 2*m + 4*m = n. What is the tens digit of m?
7
Let y be (-16)/(-112) - 108/(-28). What is the units digit of 2/y + (-59189)/(-58)?
1
Suppose 56368 = -219*q + 227*q. What is the hundreds digit of q?
0
Suppose 8 - 7 = h. Let b be 24/(-12)*3*h. What is the units digit of (26/b)/((-10)/60)?
6
Let v = 138 - -993. Suppose -4*d - 111 = -v. What is the hundreds digit of d?
2
Let u be (86*7)/(-28 + 30). What is the tens digit of u/86*2172/7?
8
Let m = -4 + 4. Suppose m = 2*r - 4*r - 4. What is the units digit of (0 - r) + (-7 - -2) + 29?
6
Suppose 5*m + 2*r = -859 - 1281, -r = 0. Suppose -4*w - 6 = -w. What is the tens digit of w/(-3) + m/(-6) + 3?
7
What is the tens digit of 12/207*(-9)/(-6) - (-884154)/138?
0
What is the units digit of (-398655)/(-10) + 0 + (-465)/(-186)?
8
Let m(n) = 5*n + 130. Suppose 144 = -3*v - 3*v. What is the units digit of m(v)?
0
Suppose 17*q = 22*q + 4*r - 224, 4*r - 176 = -4*q. What is the units digit of -469*(q/(-42))/4?
4
Suppose 0 = 5*b - 82 + 57. What is the units digit of (b/6)/((-85)/(-153))*12?
8
Let u(c) = -c**3 - 26*c**2 - 29*c + 84. What is the units digit of u(-31)?
8
Let b be (-137676)/(-352) + (-2)/16. Let v = b + -176. What is the tens digit of v?
1
Suppose 6*s = -0 + 18. Let o(z) = -221*z + 16. Let j be o(-2). Suppose -3*c - s*u + 330 = 0, -4*c + 4*u + u + j = 0. What is the tens digit of c?
1
Suppose 0 = 11*s - 16*s - 65. What is the units digit of -6 - 10638/(-26) - (-2)/s?
3
Let r = 48 - -12. Suppose 3*o + 21 = r. Let t = 22 - o. What is the units digit of t?
9
Suppose 785 = 2*y - i - 1220, 985 = y - 4*i. What is the hundreds digit of y?
0
Suppose -4*r + 20 = -3*d, -25 = d + d - 5*r. Suppose -3*f - 91 = -0*b - 2*b, -3*b - 3*f + 99 = d. Let w = b - 13. What is the tens digit of w?
2
Suppose 224*i - 108*i + 322*i - 23792598 = 0. What is the ten thousands digit of i?
5
Suppose 58*y - 2*o - 87632 = 55*y, 3*o + 29206 = y. What is the thousands digit of y?
9
Suppose 3*a + 363 = 36*a. Suppose -a*i - 66871 = -52*i. What is the thousands digit of i?
1
What is the ten thousands digit of 19818 - (4/2)/(15/(600/16))?
1
Let p = -43 - -59. Suppose 0 = -p*c + 15*c + 224. Let y = 349 - c. What is the units digit of y?
5
Let s be (2 - 15/9)/(1/(-102)). What is the hundreds digit of 17/(s/(-1912)) + -1?
9
Suppose 4*n + 2*i = i - 3, -n + 4*i = -12. Let a be (n/1)/(-10 + 8). Suppose -2*r - 3*r - 25 = 0, a = 5*m + 2*r - 435. What is the units digit of m?
9
Suppose 4*a + 16 = 180. Let z = -47 + a. Let i(y) = 7*y**2 + 5*y - 3. What is the units digit of i(z)?
9
Let k(s) = 14*s + 4 + s**3 + s**2 - 16*s + 2. Let m be k(3). Suppose -2*f - 5*r + 2 = -3*f, -2*r = -2*f + m. What is the tens digit of f?
2
Let u(z) = -376*z - 28. Let h = 105 - 108. What is the hundreds digit of u(h)?
1
Let p(t) = 11606*t**2 - 452*t - 905. What is the units digit of p(-2)?
3
Let v be 1*(-2 - -7) + 3. Suppose -v*c + 10 = -414. Let j = c - 28. What is the units digit of j?
5
Let q(m) = -6*m + 3. Let b be q(0). Suppose -196 = -b*r + 371. What is the units digit of r?
9
Let r(c) = 5*c**3 - c**2 + 13*c - 72. Let o(p) = -8*p**3 + 4*p**2 - 26*p + 145. Let k(w) = 4*o(w) + 7*r(w). What is the hundreds digit of k(8)?
0
Let f(j) = -j**2